er when 132 is divided by 7.
6
Calculate the remainder when 199 is divided by 64.
7
What is the remainder when 278 is divided by 79?
41
Calculate the remainder when 283 is divided by 101.
81
Calculate the remainder when 1656 is divided by 52.
44
What is the remainder when 161 is divided by 144?
17
What is the remainder when 145 is divided by 37?
34
What is the remainder when 2930 is divided by 163?
159
Calculate the remainder when 193 is divided by 41.
29
What is the remainder when 330 is divided by 50?
30
Calculate the remainder when 1487 is divided by 495.
2
Calculate the remainder when 91 is divided by 52.
39
What is the remainder when 90 is divided by 14?
6
What is the remainder when 196 is divided by 72?
52
Calculate the remainder when 223 is divided by 5.
3
What is the remainder when 406 is divided by 106?
88
Calculate the remainder when 185 is divided by 51.
32
What is the remainder when 138 is divided by 49?
40
Calculate the remainder when 152 is divided by 9.
8
Calculate the remainder when 1171 is divided by 53.
5
Calculate the remainder when 392 is divided by 80.
72
What is the remainder when 502 is divided by 9?
7
Calculate the remainder when 90 is divided by 17.
5
What is the remainder when 571 is divided by 15?
1
Calculate the remainder when 15729 is divided by 18.
15
What is the remainder when 116 is divided by 5?
1
What is the remainder when 1113 is divided by 53?
0
Calculate the remainder when 2729 is divided by 182.
181
Calculate the remainder when 547 is divided by 154.
85
Calculate the remainder when 256 is divided by 43.
41
Calculate the remainder when 129 is divided by 44.
41
What is the remainder when 281 is divided by 24?
17
Calculate the remainder when 5790 is divided by 18.
12
Calculate the remainder when 341 is divided by 125.
91
Calculate the remainder when 241 is divided by 58.
9
Calculate the remainder when 121 is divided by 41.
39
Calculate the remainder when 738 is divided by 125.
113
Calculate the remainder when 3438 is divided by 86.
84
Calculate the remainder when 12894 is divided by 16.
14
Calculate the remainder when 435 is divided by 40.
35
Calculate the remainder when 36 is divided by 13.
10
What is the remainder when 151 is divided by 7?
4
Calculate the remainder when 74 is divided by 70.
4
Calculate the remainder when 209 is divided by 20.
9
Calculate the remainder when 49 is divided by 26.
23
What is the remainder when 182 is divided by 16?
6
What is the remainder when 125 is divided by 119?
6
Calculate the remainder when 343 is divided by 120.
103
What is the remainder when 678 is divided by 25?
3
Calculate the remainder when 43 is divided by 23.
20
What is the remainder when 469 is divided by 249?
220
What is the remainder when 55 is divided by 19?
17
What is the remainder when 168 is divided by 71?
26
What is the remainder when 83 is divided by 43?
40
Calculate the remainder when 101 is divided by 93.
8
Calculate the remainder when 530 is divided by 4.
2
What is the remainder when 120 is divided by 75?
45
Calculate the remainder when 456 is divided by 50.
6
What is the remainder when 470 is divided by 69?
56
Calculate the remainder when 205 is divided by 34.
1
What is the remainder when 363 is divided by 109?
36
What is the remainder when 178 is divided by 61?
56
What is the remainder when 5855 is divided by 189?
185
Calculate the remainder when 263 is divided by 88.
87
Calculate the remainder when 638 is divided by 49.
1
Calculate the remainder when 1717 is divided by 42.
37
Calculate the remainder when 219 is divided by 54.
3
Calculate the remainder when 1771 is divided by 354.
1
Calculate the remainder when 2688 is divided by 13.
10
Calculate the remainder when 520 is divided by 513.
7
What is the remainder when 233 is divided by 69?
26
What is the remainder when 133 is divided by 25?
8
Calculate the remainder when 267 is divided by 46.
37
Calculate the remainder when 242 is divided by 74.
20
Calculate the remainder when 1582 is divided by 11.
9
Calculate the remainder when 926 is divided by 13.
3
What is the remainder when 117 is divided by 38?
3
What is the remainder when 6544 is divided by 55?
54
What is the remainder when 359 is divided by 9?
8
What is the remainder when 111 is divided by 41?
29
Calculate the remainder when 795 is divided by 395.
5
What is the remainder when 43187 is divided by 183?
182
Calculate the remainder when 36119 is divided by 10.
9
Calculate the remainder when 90 is divided by 49.
41
What is the remainder when 35 is divided by 8?
3
Calculate the remainder when 310 is divided by 64.
54
Calculate the remainder when 322 is divided by 81.
79
Calculate the remainder when 1196 is divided by 20.
16
Calculate the remainder when 68 is divided by 43.
25
Calculate the remainder when 212 is divided by 61.
29
Calculate the remainder when 118 is divided by 61.
57
What is the remainder when 309 is divided by 95?
24
What is the remainder when 108 is divided by 100?
8
Calculate the remainder when 61 is divided by 7.
5
What is the remainder when 1013 is divided by 442?
129
Calculate the remainder when 78 is divided by 21.
15
What is the remainder when 233 is divided by 26?
25
Calculate the remainder when 2378 is divided by 218.
198
Calculate the remainder when 232 is divided by 45.
7
Calculate the remainder when 242 is divided by 63.
53
Calculate the remainder when 212 is divided by 197.
15
Calculate the remainder when 497 is divided by 243.
11
What is the remainder when 1256 is divided by 74?
72
What is the remainder when 549 is divided by 72?
45
What is the remainder when 7 is divided by 5?
2
Calculate the remainder when 116 is divided by 35.
11
Calculate the remainder when 512 is divided by 57.
56
What is the remainder when 185 is divided by 16?
9
What is the remainder when 946 is divided by 18?
10
Calculate the remainder when 8855 is divided by 164.
163
Calculate the remainder when 8458 is divided by 15.
13
Calculate the remainder when 591 is divided by 11.
8
Calculate the remainder when 6559 is divided by 80.
79
What is the remainder when 156 is divided by 44?
24
Calculate the remainder when 1241 is divided by 6.
5
Calculate the remainder when 6459 is divided by 85.
84
What is the remainder when 1673 is divided by 417?
5
Calculate the remainder when 507 is divided by 47.
37
What is the remainder when 3223 is divided by 231?
220
What is the remainder when 331 is divided by 47?
2
Calculate the remainder when 97 is divided by 30.
7
What is the remainder when 2752 is divided by 13?
9
What is the remainder when 1488 is divided by 492?
12
What is the remainder when 77 is divided by 41?
36
Calculate the remainder when 33 is divided by 10.
3
Calculate the remainder when 2367 is divided by 36.
27
What is the remainder when 418 is divided by 89?
62
Calculate the remainder when 94 is divided by 35.
24
What is the remainder when 51 is divided by 13?
12
What is the remainder when 1664 is divided by 34?
32
What is the remainder when 293 is divided by 286?
7
Calculate the remainder when 601 is divided by 152.
145
Calculate the remainder when 529 is divided by 200.
129
Calculate the remainder when 3163 is divided by 127.
115
What is the remainder when 5484 is divided by 26?
24
Calculate the remainder when 1614 is divided by 49.
46
What is the remainder when 2308 is divided by 15?
13
What is the remainder when 2716 is divided by 85?
81
What is the remainder when 1043 is divided by 44?
31
Calculate the remainder when 154 is divided by 43.
25
What is the remainder when 5096 is divided by 565?
11
Calculate the remainder when 1796 is divided by 76.
48
Calculate the remainder when 602 is divided by 77.
63
Calculate the remainder when 202 is divided by 69.
64
Calculate the remainder when 1173 is divided by 147.
144
Calculate the remainder when 167 is divided by 10.
7
Calculate the remainder when 5074 is divided by 18.
16
What is the remainder when 225 is divided by 118?
107
What is the remainder when 311 is divided by 8?
7
What is the remainder when 351 is divided by 333?
18
Calculate the remainder when 12 is divided by 7.
5
Calculate the remainder when 97 is divided by 20.
17
What is the remainder when 331 is divided by 70?
51
What is the remainder when 48 is divided by 7?
6
What is the remainder 